{"id":7,"date":"2019-10-24T10:30:28","date_gmt":"2019-10-24T12:30:28","guid":{"rendered":"https:\/\/rgaeventos.com.br\/teste\/index.php\/home\/"},"modified":"2019-11-01T01:48:26","modified_gmt":"2019-11-01T03:48:26","slug":"home","status":"publish","type":"page","link":"https:\/\/rgaeventos.com.br\/","title":{"rendered":"RGA Eventos"},"content":{"rendered":"\n\n<section class=\"home-cover\" id=\"capa\">\n      <img width=\"1920\" height=\"1080\" src=\"https:\/\/rgaeventos.com.br\/wp-content\/uploads\/2019\/10\/imagem-capa.jpg\" class=\"cover\" alt=\"\" loading=\"lazy\" data-aos=\"fade\" srcset=\"https:\/\/rgaeventos.com.br\/wp-content\/uploads\/2019\/10\/imagem-capa.jpg 1920w, https:\/\/rgaeventos.com.br\/wp-content\/uploads\/2019\/10\/imagem-capa-300x169.jpg 300w, https:\/\/rgaeventos.com.br\/wp-content\/uploads\/2019\/10\/imagem-capa-768x432.jpg 768w, https:\/\/rgaeventos.com.br\/wp-content\/uploads\/2019\/10\/imagem-capa-1024x576.jpg 1024w\" sizes=\"(max-width: 1920px) 100vw, 1920px\" \/>    <div class=\"logo\" data-aos=\"fade\" data-aos-delay=\"300\">\n          <img src=\"https:\/\/rgaeventos.com.br\/wp-content\/uploads\/2019\/10\/logo-rga.svg\" class=\"attachment-full size-full\" alt=\"\" loading=\"lazy\" =\"\" height=\"170\" width=\"250\" \/>      <\/div>\n  <div class=\"button-next\" data-aos=\"fade-down\" data-aos-anchor-placement=\"bottom-bottom\" data-aos-delay=\"600\">\n    <h1>eventos de formatura &#8220;fora da caixa&#8221;<\/h1>    <a class=\"button\">\n      <svg width=\"48\" height=\"48\" viewBox=\"0 0 48 48\" fill=\"none\" xmlns=\"http:\/\/www.w3.org\/2000\/svg\">\n        <path d=\"M44 16L24 36L4 16\" stroke=\"white\" stroke-width=\"3\" stroke-linecap=\"round\"\/>\n      <\/svg>\n    <\/a>\n  <\/div>\n<\/section>\n\n\n\n\n  <section class=\"about-section\" id=\"sobre\">\n          <img width=\"1920\" height=\"1080\" src=\"https:\/\/rgaeventos.com.br\/wp-content\/uploads\/2019\/10\/imagem-intro.jpg\" class=\"cover\" alt=\"\" loading=\"lazy\" srcset=\"https:\/\/rgaeventos.com.br\/wp-content\/uploads\/2019\/10\/imagem-intro.jpg 1920w, https:\/\/rgaeventos.com.br\/wp-content\/uploads\/2019\/10\/imagem-intro-300x169.jpg 300w, https:\/\/rgaeventos.com.br\/wp-content\/uploads\/2019\/10\/imagem-intro-768x432.jpg 768w, https:\/\/rgaeventos.com.br\/wp-content\/uploads\/2019\/10\/imagem-intro-1024x576.jpg 1024w\" sizes=\"(max-width: 1920px) 100vw, 1920px\" \/>        <div class=\"wrapper\">\n      <div class=\"row\">\n        <div class=\"col-10\">\n          <div class=\"about-text\" data-aos=\"fade\">\n            <p>Somos uma empresa jovem especializada em formaturas sedenta por inova\u00e7\u00e3o. Entendemos a necessidade de entregar eventos diferenciados e com a cara do formando.<\/p>\n<p>Temos uma equipe diversificada que mistura experi\u00eancia de anos no mercado com a criatividade de novas gera\u00e7\u00f5es.<\/p>\n<p>Com criatividade, excel\u00eancia na produ\u00e7\u00e3o e agilidade na entrega, atuamos na capital brasileira em parceria com as maiores e mais experientes empresas de eventos de formatura.<\/p>\n<p><strong>\u00c9 tempo de transforma\u00e7\u00e3o. Venha ser &#8220;fora da caixa&#8221; com a gente!<\/strong><\/p>\n          <\/div>\n        <\/div>\n      <\/div>\n    <\/div>\n  <\/section>\n\n\n\n\n  <section class=\"gallery-section\" id=\"servicos\">\n          <img width=\"1920\" height=\"1080\" src=\"https:\/\/rgaeventos.com.br\/wp-content\/uploads\/2019\/10\/imagem-servicos.jpg\" class=\"cover\" alt=\"\" loading=\"lazy\" srcset=\"https:\/\/rgaeventos.com.br\/wp-content\/uploads\/2019\/10\/imagem-servicos.jpg 1920w, https:\/\/rgaeventos.com.br\/wp-content\/uploads\/2019\/10\/imagem-servicos-300x169.jpg 300w, https:\/\/rgaeventos.com.br\/wp-content\/uploads\/2019\/10\/imagem-servicos-768x432.jpg 768w, https:\/\/rgaeventos.com.br\/wp-content\/uploads\/2019\/10\/imagem-servicos-1024x576.jpg 1024w\" sizes=\"(max-width: 1920px) 100vw, 1920px\" \/>        <div class=\"wrapper\">\n              <div class=\"row title\">\n          <div class=\"col-10\">\n            <h2 data-aos=\"fade\">_o que oferecemos<\/h2>\n          <\/div>\n        <\/div>\n            <div class=\"row gallery\">\n                  <div class=\"col-6 left-2 col-lg-2 left-lg-0\">\n            <div class=\"item\" data-aos=\"fade-up\" data-aos-delay=\"200\">\n              <img src=\"https:\/\/rgaeventos.com.br\/wp-content\/uploads\/2019\/10\/ilustra-assessoria.svg\" class=\"attachment-small size-small\" alt=\"\" loading=\"lazy\" =\"\" height=\"80\" width=\"170\" \/>              <h3 class=\"title\">Assessoria cerimonial<\/h3>              <p class=\"text\">Organizar um evento n\u00e3o \u00e9 uma tarefa f\u00e1cil. Estamos aqui para te ajudar neste processo.<\/p>            <\/div>\n          <\/div>\n                  <div class=\"col-6 left-2 col-lg-2 left-lg-0\">\n            <div class=\"item\" data-aos=\"fade-up\" data-aos-delay=\"400\">\n              <img src=\"https:\/\/rgaeventos.com.br\/wp-content\/uploads\/2019\/10\/ilustra-fotografia.svg\" class=\"attachment-small size-small\" alt=\"\" loading=\"lazy\" =\"\" height=\"80\" width=\"170\" \/>              <h3 class=\"title\">Fotografia<\/h3>              <p class=\"text\">N\u00e3o d\u00e1 para contar s\u00f3 com o stories do Instagram para registrar os momentos, n\u00e9?<\/p>            <\/div>\n          <\/div>\n                  <div class=\"col-6 left-2 col-lg-2 left-lg-0\">\n            <div class=\"item\" data-aos=\"fade-up\" data-aos-delay=\"600\">\n              <img src=\"https:\/\/rgaeventos.com.br\/wp-content\/uploads\/2019\/10\/ilustra-audiovisual.svg\" class=\"attachment-small size-small\" alt=\"\" loading=\"lazy\" =\"\" height=\"80\" width=\"170\" \/>              <h3 class=\"title\">Audiovisual<\/h3>              <p class=\"text\">Tamb\u00e9m temos suporte para entregar registros do seu evento em v\u00eddeo. \ud83d\ude42<\/p>            <\/div>\n          <\/div>\n                  <div class=\"col-6 left-2 col-lg-2 left-lg-0\">\n            <div class=\"item\" data-aos=\"fade-up\" data-aos-delay=\"800\">\n              <img src=\"https:\/\/rgaeventos.com.br\/wp-content\/uploads\/2019\/10\/ilustra-eventos.svg\" class=\"attachment-small size-small\" alt=\"\" loading=\"lazy\" =\"\" height=\"80\" width=\"170\" \/>              <h3 class=\"title\">Eventos personalizados<\/h3>              <p class=\"text\">Saia da mesmice. Esque\u00e7a aquele evento quadrado e vamos sonhar um evento juntos.<\/p>            <\/div>\n          <\/div>\n                  <div class=\"col-6 left-2 col-lg-2 left-lg-0\">\n            <div class=\"item\" data-aos=\"fade-up\" data-aos-delay=\"1000\">\n              <img src=\"https:\/\/rgaeventos.com.br\/wp-content\/uploads\/2019\/10\/ilustra-atendimentos.svg\" class=\"attachment-small size-small\" alt=\"\" loading=\"lazy\" =\"\" height=\"80\" width=\"170\" \/>              <h3 class=\"title\">Atendimento exclusivo<\/h3>              <p class=\"text\">Sabemos o quanto um bom atendimento \u00e9 um diferencial no mercado.<\/p>            <\/div>\n          <\/div>\n              <\/div>\n    <\/div>\n  <\/section>\n\n\n\n\n  <section class=\"gallery-section\" id=\"parceiros\">\n        <div class=\"wrapper\">\n              <div class=\"row title\">\n          <div class=\"col-10\">\n            <h2 data-aos=\"fade\">_nossos parceiros<\/h2>\n          <\/div>\n        <\/div>\n            <div class=\"row gallery\">\n                  <div class=\"col-6 left-2 col-lg-2 left-lg-0\">\n            <div class=\"item\" data-aos=\"fade-up\" data-aos-delay=\"200\">\n              <img src=\"https:\/\/rgaeventos.com.br\/wp-content\/uploads\/2019\/10\/logo-ucb.svg\" class=\"attachment-small size-small\" alt=\"\" loading=\"lazy\" =\"\" height=\"110\" width=\"172\" \/>                                        <\/div>\n          <\/div>\n                  <div class=\"col-6 left-2 col-lg-2 left-lg-0\">\n            <div class=\"item\" data-aos=\"fade-up\" data-aos-delay=\"400\">\n              <img src=\"https:\/\/rgaeventos.com.br\/wp-content\/uploads\/2019\/10\/logo-marista.svg\" class=\"attachment-small size-small\" alt=\"\" loading=\"lazy\" =\"\" height=\"110\" width=\"172\" \/>                                        <\/div>\n          <\/div>\n                  <div class=\"col-6 left-2 col-lg-2 left-lg-0\">\n            <div class=\"item\" data-aos=\"fade-up\" data-aos-delay=\"600\">\n              <img src=\"https:\/\/rgaeventos.com.br\/wp-content\/uploads\/2019\/10\/logo-leonardo.svg\" class=\"attachment-small size-small\" alt=\"\" loading=\"lazy\" =\"\" height=\"110\" width=\"172\" \/>                                        <\/div>\n          <\/div>\n                  <div class=\"col-6 left-2 col-lg-2 left-lg-0\">\n            <div class=\"item\" data-aos=\"fade-up\" data-aos-delay=\"800\">\n              <img src=\"https:\/\/rgaeventos.com.br\/wp-content\/uploads\/2019\/10\/logo-unieuro.svg\" class=\"attachment-small size-small\" alt=\"\" loading=\"lazy\" =\"\" height=\"110\" width=\"172\" \/>                                        <\/div>\n          <\/div>\n                  <div class=\"col-6 left-2 col-lg-2 left-lg-0\">\n            <div class=\"item\" data-aos=\"fade-up\" data-aos-delay=\"1000\">\n              <img src=\"https:\/\/rgaeventos.com.br\/wp-content\/uploads\/2019\/10\/logo-anhanguera.svg\" class=\"attachment-small size-small\" alt=\"\" loading=\"lazy\" =\"\" height=\"110\" width=\"172\" \/>                                        <\/div>\n          <\/div>\n              <\/div>\n    <\/div>\n  <\/section>\n\n\n\n\n<section class=\"contact-section\" id=\"contato\">\n      <img width=\"1920\" height=\"1080\" src=\"https:\/\/rgaeventos.com.br\/wp-content\/uploads\/2019\/10\/imagem-contato.jpg\" class=\"cover\" alt=\"\" loading=\"lazy\" srcset=\"https:\/\/rgaeventos.com.br\/wp-content\/uploads\/2019\/10\/imagem-contato.jpg 1920w, https:\/\/rgaeventos.com.br\/wp-content\/uploads\/2019\/10\/imagem-contato-300x169.jpg 300w, https:\/\/rgaeventos.com.br\/wp-content\/uploads\/2019\/10\/imagem-contato-768x432.jpg 768w, https:\/\/rgaeventos.com.br\/wp-content\/uploads\/2019\/10\/imagem-contato-1024x576.jpg 1024w\" sizes=\"(max-width: 1920px) 100vw, 1920px\" \/>    <div class=\"wrapper\">\n    <div class=\"row\">\n      <div class=\"col-10 col-lg-3\" data-aos=\"fade-left\">\n        <h2 class=\"title\">_venha ser \u201cfora da caixa\u201d com a gente<\/h2>        <p>Interessado\/a? preencha o formul\u00e1rio a seguir ou entre em contato via whatsapp. Ser\u00e1 um prazer te atender!<\/p>                <a href=\"https:\/\/api.whatsapp.com\/send?phone=556135530099\" class=\"whatsapp-direct\">\n          <svg viewBox=\"0 0 24 24\" fill=\"none\" xmlns=\"http:\/\/www.w3.org\/2000\/svg\" class=\"whatsapp-icon-sm\">\n            <path d=\"M16.3015 13.8902C16.176 13.2976 15.3601 13.1198 14.8579 12.8827C14.1676 12.5271 13.6027 12.3493 13.1006 12.9419C12.9751 13.0605 12.7868 13.4161 12.6612 13.4754C12.4102 13.5346 11.8453 13.1198 11.5943 13.0012C11.2177 12.7641 10.9039 12.4678 10.5901 12.1715C10.5273 12.1122 10.0252 11.5195 10.0252 11.5195C10.2135 11.2232 10.5273 11.0454 10.6528 10.6898C10.7784 10.3342 10.5901 10.0378 10.4645 9.74148C10.339 9.44514 10.2135 9.08953 10.0252 8.79319C9.77415 8.08197 9.46033 8.02271 8.70718 8.02271C7.89126 8.02271 7.32639 8.79319 7.07534 9.50441C6.57324 10.9861 7.64021 12.4085 8.64441 13.5346C9.64862 14.6607 10.8411 15.4312 12.2847 15.9054C13.2261 16.261 14.2303 16.4388 15.1718 15.9054C15.8622 15.4905 16.427 14.72 16.3015 13.8902ZM15.5483 14.1866C15.4856 15.3127 14.1048 15.6683 13.1633 15.4312C12.0964 15.1941 10.9666 14.6607 10.1507 13.9495C9.20928 13.179 8.01678 11.9937 7.76573 10.8083C7.57744 10.0378 7.89126 8.55612 8.95823 8.67465C9.33481 8.73392 9.33481 8.85246 9.46033 9.1488C9.58586 9.44514 9.64862 9.68221 9.77415 9.91928C9.89967 10.1564 10.0252 10.3342 9.89967 10.5712C9.71138 10.9861 9.14652 11.1046 9.33481 11.6381C9.71139 12.5271 10.7784 13.3568 11.657 13.831C12.1591 14.068 12.6612 14.4237 13.1633 14.0088C13.3516 13.831 13.4772 13.5346 13.7282 13.3568C13.9165 13.179 14.2931 13.3568 14.7952 13.5346C15.1718 13.7124 15.5483 13.9495 15.5483 14.1866Z\" fill=\"white\"\/>\n            <path d=\"M18.6781 9.84559C17.4256 6.4082 13.6681 4.39318 9.91055 5.16363C6.71664 5.87481 4.27424 8.48249 4.02374 11.5643C3.89848 12.9274 4.27424 14.409 5.02575 15.5943C5.08837 15.7129 5.27625 15.8907 5.33887 16.0684C5.4015 16.3648 5.02575 16.8982 4.96312 17.1945C4.83787 17.5501 4.27424 18.4983 4.71262 18.7947C4.90049 18.9724 5.21362 18.8539 5.4015 18.7947C5.83988 18.6761 6.27826 18.5576 6.71664 18.3798C7.02977 18.2613 7.40552 18.0835 7.71865 18.202C8.03178 18.3205 8.34491 18.5576 8.65803 18.6761C9.09641 18.8539 9.59742 18.9724 10.0358 19.091C11.0378 19.2688 12.0398 19.2688 12.9792 19.091C17.363 18.202 20.1185 13.8756 18.6781 9.84559ZM10.8499 18.2613C10.161 18.202 9.47217 18.0242 8.84591 17.7871C8.47016 17.6093 8.0944 17.2538 7.65602 17.2538C7.09239 17.1945 6.21563 17.6686 5.652 17.7871C5.83988 17.2538 6.15301 16.6611 6.21563 16.1277C6.27826 15.5943 5.71463 15.1202 5.46413 14.6461C4.39949 12.2755 4.90049 9.60853 6.77926 7.7713C8.72066 5.87481 11.7893 5.40069 14.2943 6.46747C16.862 7.59351 18.4903 10.379 18.0519 13.0459C17.6135 16.3055 14.2943 18.5576 10.8499 18.2613Z\" fill=\"white\"\/>\n          <\/svg>\n          +55 61 3553.0099        <\/a>\n      <\/div>\n      <div class=\"col-10 col-lg-6 left-lg-1\" data-aos=\"fade\" data-aos-delay=\"200\">\n                <div role=\"form\" class=\"wpcf7\" id=\"wpcf7-f11-o1\" lang=\"pt-BR\" dir=\"ltr\">\n<div class=\"screen-reader-response\"><p role=\"status\" aria-live=\"polite\" aria-atomic=\"true\"><\/p> <ul><\/ul><\/div>\n<form action=\"\/index.php\/wp-json\/wp\/v2\/pages\/7#wpcf7-f11-o1\" method=\"post\" class=\"wpcf7-form init\" novalidate=\"novalidate\" data-status=\"init\">\n<div style=\"display: none;\">\n<input type=\"hidden\" name=\"_wpcf7\" value=\"11\" \/>\n<input type=\"hidden\" name=\"_wpcf7_version\" value=\"5.4\" \/>\n<input type=\"hidden\" name=\"_wpcf7_locale\" value=\"pt_BR\" \/>\n<input type=\"hidden\" name=\"_wpcf7_unit_tag\" value=\"wpcf7-f11-o1\" \/>\n<input type=\"hidden\" name=\"_wpcf7_container_post\" value=\"0\" \/>\n<input type=\"hidden\" name=\"_wpcf7_posted_data_hash\" value=\"\" \/>\n<input type=\"hidden\" name=\"_wpcf7_recaptcha_response\" value=\"\" \/>\n<\/div>\n<p><label> Nome* <span class=\"wpcf7-form-control-wrap your-name\"><input type=\"text\" name=\"your-name\" value=\"\" size=\"40\" class=\"wpcf7-form-control wpcf7-text wpcf7-validates-as-required\" aria-required=\"true\" aria-invalid=\"false\" \/><\/span> <\/label><label> E-mail* <span class=\"wpcf7-form-control-wrap your-email\"><input type=\"email\" name=\"your-email\" value=\"\" size=\"40\" class=\"wpcf7-form-control wpcf7-text wpcf7-email wpcf7-validates-as-required wpcf7-validates-as-email\" aria-required=\"true\" aria-invalid=\"false\" \/><\/span> <\/label><label> Telefone* <span class=\"wpcf7-form-control-wrap your-telephone\"><input type=\"tel\" name=\"your-telephone\" value=\"\" size=\"40\" class=\"wpcf7-form-control wpcf7-text wpcf7-tel wpcf7-validates-as-required wpcf7-validates-as-tel\" aria-required=\"true\" aria-invalid=\"false\" \/><\/span> <\/label><label> Assunto* <span class=\"wpcf7-form-control-wrap your-subject\"><input type=\"text\" name=\"your-subject\" value=\"\" size=\"40\" class=\"wpcf7-form-control wpcf7-text wpcf7-validates-as-required\" aria-required=\"true\" aria-invalid=\"false\" \/><\/span> <\/label><label> Mensagem* <span class=\"wpcf7-form-control-wrap your-message\"><textarea name=\"your-message\" cols=\"40\" rows=\"10\" class=\"wpcf7-form-control wpcf7-textarea\" aria-invalid=\"false\"><\/textarea><\/span> <\/label><input type=\"submit\" value=\"Enviar\" class=\"wpcf7-form-control wpcf7-submit\" \/><\/p>\n<div class=\"wpcf7-response-output\" aria-hidden=\"true\"><\/div><\/form><\/div>      <\/div>\n    <\/div>\n  <\/div>\n<\/section>\n\n\n\n\n<section class=\"instagram-feed\" id=\"siga\">\n      <img width=\"1920\" height=\"1080\" src=\"https:\/\/rgaeventos.com.br\/wp-content\/uploads\/2019\/10\/imagem-instagram.jpg\" class=\"cover\" alt=\"\" loading=\"lazy\" srcset=\"https:\/\/rgaeventos.com.br\/wp-content\/uploads\/2019\/10\/imagem-instagram.jpg 1920w, https:\/\/rgaeventos.com.br\/wp-content\/uploads\/2019\/10\/imagem-instagram-300x169.jpg 300w, https:\/\/rgaeventos.com.br\/wp-content\/uploads\/2019\/10\/imagem-instagram-768x432.jpg 768w, https:\/\/rgaeventos.com.br\/wp-content\/uploads\/2019\/10\/imagem-instagram-1024x576.jpg 1024w\" sizes=\"(max-width: 1920px) 100vw, 1920px\" \/>    <div class=\"wrapper\">\n          <div class=\"row title\">\n        <div class=\"col-10\">\n          <h2 data-aos=\"fade\" >_siga nas redes sociais<\/h2>\n        <\/div>\n      <\/div>\n        <div class=\"row\">\n      <div class=\"col-10\">\n        <div id=\"instagramFeed\" data-aos=\"fade-up\" >\n          \r\n<div id=\"sb_instagram\"  class=\"sbi sbi_mob_col_1 sbi_tab_col_2 sbi_col_3 sbi_width_resp\" style=\"padding-bottom: 24px;width: 100%;\" data-feedid=\"sbi_rga.eventos#6\"  data-res=\"auto\" data-cols=\"3\" data-colsmobile=\"1\" data-colstablet=\"2\" data-num=\"6\" data-nummobile=\"\" data-shortcode-atts=\"{}\"  data-postid=\"7\" data-locatornonce=\"473ade225d\" data-sbi-flags=\"favorLocal\">\r\n\t\r\n    <div id=\"sbi_images\"  style=\"padding: 12px;\">\r\n\t\t    <\/div>\r\n\r\n\t<div id=\"sbi_load\" >\r\n\r\n\t\r\n\t\r\n<\/div>\r\n\r\n\t    <span class=\"sbi_resized_image_data\" data-feed-id=\"sbi_rga.eventos#6\" data-resized=\"[]\">\n\t<\/span>\n\t<\/div>\r\n\r\n        <\/div>\n      <\/div>\n    <\/div>\n  <\/div>\n<\/section>\n","protected":false},"excerpt":{"rendered":"","protected":false},"author":1,"featured_media":0,"parent":0,"menu_order":0,"comment_status":"closed","ping_status":"closed","template":"","meta":[],"yoast_head":"<!-- This site is optimized with the Yoast SEO plugin v16.1.1 - https:\/\/yoast.com\/wordpress\/plugins\/seo\/ -->\n<title>RGA Eventos<\/title>\n<link rel=\"canonical\" href=\"https:\/\/rgaeventos.com.br\/\" \/>\n<meta property=\"og:locale\" content=\"pt_BR\" \/>\n<meta property=\"og:type\" content=\"article\" \/>\n<meta property=\"og:title\" content=\"RGA Eventos\" \/>\n<meta property=\"og:url\" content=\"https:\/\/rgaeventos.com.br\/\" \/>\n<meta property=\"og:site_name\" content=\"RGA Eventos\" \/>\n<meta property=\"article:modified_time\" content=\"2019-11-01T03:48:26+00:00\" \/>\n<meta name=\"twitter:card\" content=\"summary_large_image\" \/>\n<script type=\"application\/ld+json\" class=\"yoast-schema-graph\">{\"@context\":\"https:\/\/schema.org\",\"@graph\":[{\"@type\":\"WebSite\",\"@id\":\"https:\/\/rgaeventos.com.br\/#website\",\"url\":\"https:\/\/rgaeventos.com.br\/\",\"name\":\"RGA Eventos\",\"description\":\"Eventos de formatura &quot;fora da caixa&quot;\",\"potentialAction\":[{\"@type\":\"SearchAction\",\"target\":\"https:\/\/rgaeventos.com.br\/?s={search_term_string}\",\"query-input\":\"required name=search_term_string\"}],\"inLanguage\":\"pt-BR\"},{\"@type\":\"WebPage\",\"@id\":\"https:\/\/rgaeventos.com.br\/#webpage\",\"url\":\"https:\/\/rgaeventos.com.br\/\",\"name\":\"RGA Eventos\",\"isPartOf\":{\"@id\":\"https:\/\/rgaeventos.com.br\/#website\"},\"datePublished\":\"2019-10-24T12:30:28+00:00\",\"dateModified\":\"2019-11-01T03:48:26+00:00\",\"breadcrumb\":{\"@id\":\"https:\/\/rgaeventos.com.br\/#breadcrumb\"},\"inLanguage\":\"pt-BR\",\"potentialAction\":[{\"@type\":\"ReadAction\",\"target\":[\"https:\/\/rgaeventos.com.br\/\"]}]},{\"@type\":\"BreadcrumbList\",\"@id\":\"https:\/\/rgaeventos.com.br\/#breadcrumb\",\"itemListElement\":[{\"@type\":\"ListItem\",\"position\":1,\"item\":{\"@type\":\"WebPage\",\"@id\":\"https:\/\/rgaeventos.com.br\/\",\"url\":\"https:\/\/rgaeventos.com.br\/\",\"name\":\"Home\"}},{\"@type\":\"ListItem\",\"position\":2,\"item\":{\"@type\":\"WebPage\",\"@id\":\"https:\/\/rgaeventos.com.br\/\",\"url\":\"https:\/\/rgaeventos.com.br\/\",\"name\":\"RGA Eventos\"}}]}]}<\/script>\n<!-- \/ Yoast SEO plugin. -->","_links":{"self":[{"href":"https:\/\/rgaeventos.com.br\/index.php\/wp-json\/wp\/v2\/pages\/7"}],"collection":[{"href":"https:\/\/rgaeventos.com.br\/index.php\/wp-json\/wp\/v2\/pages"}],"about":[{"href":"https:\/\/rgaeventos.com.br\/index.php\/wp-json\/wp\/v2\/types\/page"}],"author":[{"embeddable":true,"href":"https:\/\/rgaeventos.com.br\/index.php\/wp-json\/wp\/v2\/users\/1"}],"replies":[{"embeddable":true,"href":"https:\/\/rgaeventos.com.br\/index.php\/wp-json\/wp\/v2\/comments?post=7"}],"version-history":[{"count":8,"href":"https:\/\/rgaeventos.com.br\/index.php\/wp-json\/wp\/v2\/pages\/7\/revisions"}],"predecessor-version":[{"id":121,"href":"https:\/\/rgaeventos.com.br\/index.php\/wp-json\/wp\/v2\/pages\/7\/revisions\/121"}],"wp:attachment":[{"href":"https:\/\/rgaeventos.com.br\/index.php\/wp-json\/wp\/v2\/media?parent=7"}],"curies":[{"name":"wp","href":"https:\/\/api.w.org\/{rel}","templated":true}]}}